 (-12 + 12)/(1/2*-4). Suppose 2*i - 53 = -5*h + 27, c = -3*h - 12. Calculate the greatest common factor of i and 100.
50
Let c be (-3)/21 - 3/(-21) - 0. Suppose c = -6*s - 166 + 694. What is the highest common factor of s and 11?
11
Let f(w) = -7*w - 17. Let p be f(-5). Suppose 4*n = 5*c - 2844 + 586, 0 = 3*c - 2*n - 1354. Calculate the greatest common divisor of c and p.
18
Let h = 3 + 24. Suppose 0 = -484*j + 322*j + 1458. What is the greatest common factor of h and j?
9
Let m be (15/12)/((-135)/(-324)). What is the greatest common factor of 807 and m?
3
Suppose -4*y - y + 10 = 0. Suppose -y + 17 = 3*f. Let l(p) = 2*p - 4. Let d be l(f). Calculate the greatest common factor of 12 and d.
6
Let o = -3661 - -3667. What is the greatest common divisor of 536 and o?
2
Let c(h) = 3 + 2*h**2 + 12*h**2 + h**2. Let q be c(2). Let s = 213 + -204. What is the highest common divisor of q and s?
9
Suppose 0 = 5*b + 25, -5*f = -9*f + 2*b - 102. Let w(h) = -h**3 - 27*h**2 + 26*h - 24. Let i be w(f). Calculate the highest common divisor of i and 4.
4
Let b(q) = 2*q**3 + 4*q**2 - 4*q + 3. Let z be b(3). Suppose 51*v = 27*v - 72. Let t be (v/5)/(1*(-3)/90). Calculate the highest common divisor of t and z.
9
Let v be (80/40)/((-4)/(-754)). Calculate the greatest common factor of v and 87.
29
Let s = 5201 - 5161. What is the highest common factor of s and 5260?
20
Suppose -5*a - 637 = -w, 2*w + 4*a = 106 + 1098. What is the highest common divisor of 684 and w?
36
Let y(w) = 2*w - 29. Let a be y(16). Let i(b) = 6*b**2 - 7*b + 11. Let s be i(a). What is the highest common divisor of 220 and s?
44
Let x = -128 - -192. Suppose 0*j + 2*p + 72 = 2*j, -4*p = -j + 48. Suppose 29*v + 48 = j*v. Calculate the highest common divisor of x and v.
16
Let f = -4131 + 4134. What is the greatest common divisor of f and 432?
3
Let g = 24608 - 24572. Calculate the highest common divisor of g and 7767.
9
Suppose 3*y - 39*d = -41*d + 80, -d + 27 = y. Calculate the greatest common divisor of y and 17550.
26
Suppose 884 = 4*p + 3*g + 137, 939 = 5*p + 3*g. Calculate the highest common factor of 2816 and p.
64
Suppose -t = 4*j - 526, 5*j - 5*t - 1036 + 366 = 0. Suppose -3*f + 5*b + 1099 = 1045, -39 = -2*f + 3*b. Calculate the greatest common factor of j and f.
33
Let r = 95419 + -64095. What is the greatest common factor of r and 41?
41
Let f = -6 - -9. Suppose -5*v = -5*s + 3*s + 7, 2*v = f*s - 27. Let h be (-4)/42*3 + (-765)/(-595). Calculate the highest common divisor of h and s.
1
Let z be (-30)/20 - (-11832)/16. Calculate the greatest common divisor of z and 328.
82
Let c(s) = s + 12. Suppose -34*d - 48 = -42*d. Let x be c(d). Calculate the greatest common factor of 54 and x.
18
Let b(m) = -m**2 - 11*m + 27. Let d be b(-13). Let w(n) = d - 8*n + 1 - 2. Let l be w(-5). What is the greatest common divisor of 60 and l?
20
Suppose 18*y - 33*q = 15*y + 738, -3*y = -2*q - 1110. Let j(r) = 40*r**2 + 2*r - 2. Let p be j(2). Calculate the greatest common divisor of p and y.
54
Suppose 2*z + 4*i + 180 = 0, 408 = -7*z + 2*z + 4*i. Let o = -27 - z. Calculate the greatest common factor of 456 and o.
57
Let d(c) be the second derivative of -4*c**3 + 15*c**2 + 9*c + 7. Let g be d(-2). Calculate the highest common factor of 26 and g.
26
Suppose -3*t + 4*t = -2*h + 10, -4*h + 8 = -t. Suppose -t*d + 5 = -3*f - 83, 0 = -5*d - 4*f + 79. Calculate the greatest common divisor of 323 and d.
19
Suppose -5*c + 3*d + d + 207 = 0, 0 = -4*c + 3*d + 166. Let x(m) = -35*m + 2296. Let w be x(57). What is the greatest common factor of c and w?
43
Let b be (558/155)/((-1)/(-60)). Let w be ((-357)/12 - 0)/((-18)/b). What is the highest common divisor of 7 and w?
7
Let t(h) = 4*h**2 - h - 8. Let c be t(-2). Suppose 8*w = -c + 50. What is the greatest common factor of 65 and w?
5
Let h = 6 - 0. Let s = -458 + 419. Let j be h/s + (-1100)/(-52). What is the highest common divisor of j and 7?
7
Suppose -v + 65 = 4*v. Suppose 1045 = 87*k - 86. What is the greatest common divisor of k and v?
13
Let h(o) = o**2 + o - 3. Let c be h(2). Suppose -k + c*w + 114 = 0, -6*w + 2*w - 16 = 0. Let r = k + 68. Calculate the greatest common divisor of 68 and r.
34
Suppose 14*b = -79 - 383. Let c be (8 - 256/24)*b/4. Calculate the highest common factor of 264 and c.
22
Let x(o) = 64*o**3 - 3*o**2 + o - 2. Let w be x(3). Let v be 518/(-4)*1604/(-2807). What is the highest common divisor of w and v?
74
Suppose a + 2*x + 24 = 6*a, -6 = -2*a + 2*x. Let f be (-375)/10*a/(-9). Suppose -4*k + 97 - f = 0. Calculate the highest common divisor of 72 and k.
18
Let k be (-1 - 0)/(14/(-4) + 3). Suppose -k = 2*w + 6. Let d be -2 + 2 + w + 202. What is the greatest common factor of 18 and d?
18
Let i be 1/(-2) + (-61)/(-2). Let o = 136 + -84. Suppose 0 = -3*x + o - 16. Calculate the highest common divisor of x and i.
6
Let i be 15/20 - (-6)/(-8). Suppose -8*b + 2 = -7*b - 5*z, 2*b - 3*z - 39 = i. Calculate the greatest common factor of b and 21.
3
Suppose -3*w + 5*u + 616 = 0, -205*w + 203 = -204*w - 4*u. Calculate the greatest common factor of 184 and w.
23
Let b be -98*(((-484)/40 - -12) + (-2)/5). What is the greatest common factor of 17 and b?
1
Let r = 9693 + -9511. Calculate the highest common divisor of 742 and r.
14
Suppose 2*d + 5152 = 4*l, -90*d = -89*d + 6. What is the highest common factor of l and 5?
5
Let n = 512 - 506. What is the highest common factor of 22 and n?
2
Let i be 5*(-3)/((-15)/5)*1. Suppose 0 = i*d - 0*n + 3*n - 104, -2*d = 5*n - 34. Calculate the highest common factor of d and 176.
22
Suppose -303*a = -307*a - 5*p + 297, 0 = 5*p - 5. What is the greatest common factor of 10877 and a?
73
Let n be (30/(-9))/(1*(-6)/54). Suppose 0 = -8*w + n*w - 3696. Calculate the highest common factor of 48 and w.
24
Let a be (-16)/52 + 57264/208. What is the highest common divisor of 132 and a?
11
Let p(f) = 40*f**2 + 122*f - 472. Let v be p(4). What is the greatest common factor of 64 and v?
16
Let y(i) = -i**2 + 26*i - 20. Suppose -50 = -30*t + 25*t. Let j be y(t). Calculate the greatest common divisor of j and 84.
28
Suppose -32*y + 36125 = 53*y. What is the highest common factor of y and 51?
17
Let p(j) = -14*j - 12. Let z be p(-1). Suppose -4*a - 5*r + 114 = 0, z*a - r = 4*a - 54. What is the greatest common factor of a and 13?
13
Let n be 8 - -2 - (-69 - -69). What is the greatest common divisor of 4390 and n?
10
Suppose -10*w = -5*w - 4*t - 1249, t = -3*w + 729. What is the greatest common divisor of w and 3955?
35
Suppose f = 10*f - 144. Suppose -f*u = -24*u + 32. What is the greatest common divisor of 106 and u?
2
Let g(p) = p**3 - 16*p**2 - 54*p - 471. Let r be g(20). What is the greatest common divisor of r and 1162?
7
Suppose 3*c = 5*o, -c - 8 = o - 0*c. Let y be ((-2)/o)/(9*6/486). Let h = -24 - -36. Calculate the highest common factor of h and y.
6
Suppose 7 = -4*s + 5*s. Let t be 48*1 - (5 - s). Suppose -4*i + a + 300 = 0, 7*a = 2*i + 9*a - 150. What is the highest common divisor of t and i?
25
Let w(c) = -97*c + 496. Let o be w(5). Let g = -14 + 58. What is the highest common divisor of o and g?
11
Suppose 20308 - 547 = 2823*q. Let g be 2/(-3) - (-191)/3. What is the highest common factor of g and q?
7
Let q = -4896 - -4902. What is the highest common factor of 178 and q?
2
Let f be ((-336)/35)/(-12) + 35124/20 + 3. Calculate the highest common divisor of 550 and f.
110
Suppose 4 = 2*p + 2*h, 0*h = -p + 2*h + 11. Suppose 5*r - 2*q + q = 153, 5*r + p*q = 135. Calculate the highest common divisor of 310 and r.
10
Let k = -2154 + 2298. What is the highest common factor of 99 and k?
9
Let x = -56 - -58. Suppose 6*a - 86 = a + o, -x*a - 2*o = -44. Suppose 3*v - 4*c = 33, 2*v + 4*c = a + 24. Calculate the greatest common divisor of 10 and v.
5
Let u = -300 - -296. Let q be (-13 - u)*(0 + -4). What is the greatest common factor of 252 and q?
36
Let i = 887 - 822. Calculate the greatest common divisor of 598 and i.
13
Let m be 1176/140 + -9 - (-798)/5. What is the greatest common divisor of 39 and m?
3
Suppose -3*f - 3*g = -0*g + 105, 3*f + 120 = -6*g. Let b be ((-9)/((-315)/(-112)))/(1/f). What is the greatest common factor of b and 6?
6
Let w(l) = 4*l**2 + 2*l + 3. Let j be w(-2). Let p be 6/j + (-1533)/(-105). What is the gr